{"id":1000,"date":"2023-10-27T22:57:56","date_gmt":"2023-10-27T22:57:56","guid":{"rendered":"https:\/\/placegar.dev.maidot.pt\/park\/benfica-estadio-p1-p2-p3-p5\/"},"modified":"2026-04-26T00:00:06","modified_gmt":"2026-04-25T23:00:06","slug":"benfica-estadio-p1-p2-p3-p5","status":"publish","type":"park","link":"https:\/\/placegar.dev.maidot.pt\/en\/park\/benfica-estadio-p1-p2-p3-p5\/","title":{"rendered":"BENFICA EST\u00c1DIO"},"content":{"rendered":"<p>Public covered and outdoor car park, located on the grounds of the Sport Lisboa e Benfica stadium, in Lisbon. *Closed on game days\/events at Est\u00e1dio da Luz<\/p>","protected":false},"featured_media":1800,"template":"","meta":{"ID_Parque":["2"],"id_Empresa":["1"],"Nome":["BENFICA EST\u00c1DIO "],"NomeCurto":["SLB EST\u00c1DIO"],"Sigla":["SLB"],"Morada":["Av. Eus\u00e9bio da Silva Ferreira, 1500-313, Lisboa"],"Telefone":["+351 915 840 107"],"Fax":[""],"Email":["benfica.estadio@placegar.com"],"GPS_NS":["38.753034"],"GPS_EO":["-9.183533"],"TipoParque":["Parque subterr\u00e2neo"],"Pisos":["3"],"Lugares":["1526"],"Area":["0"],"Entradas":["4"],"Saidas":["4"],"AlturaMax":["2.1"],"Deficientes":["1"],"CCTV":["1"],"LPR":["1"],"GuideIN":[""],"CarregamentoEletrico":[""],"ViaVerde":["1"],"CPAs":["2"],"CPMs":["1"],"MBsCPAs":["2"],"Horario":["07h - 24h\r\n\r\n* Encerrado em dias de jogo ou eventos; \r\nP5 - Encerrado em dias de jogo ou eventos a partir das 15h"],"Centralizado":["1"],"PresencaFuncionario":["0"],"Avencas":["1"],"ValorCartao":["10"],"Lockers":[""],"Lavagens":["1"],"MB":["1"],"MaxDiario":["12"],"DiarioPrePago":["0"],"Hora1":["0"],"GPS":["38.753034,-9.183533"],"LinkMaps":["https:\/\/www.google.pt\/maps\/dir\/\/Estacionamento+P1,+P2+e+P3+Benfica+Est%C3%A1dio+(encerrado+dias+de+jogo),+Rotunda+Cosme+Dami%C3%A3o,+1500-620+Lisboa\/@38.7519543,-9.2513583,12z\/data=!3m1!4b1!4m9!4m8!1m0!1m5!1m1!1s0xd193382d13b0473:0xf9ad76459b0e74c5!2m2!1d-9.1813183!2d38.7519752!3e2"],"Valor15minutos":["0"],"ParqueSemBilhete":[""],"_edit_lock":["1710857396:2"],"_thumbnail_id":["1800"],"_edit_last":["2"],"_wpnonce":["b72a22c1a5"],"_wp_http_referer":["\/wp-admin\/post.php?post=1000&action=edit"],"user_ID":["2"],"action":["editpost"],"originalaction":["editpost"],"post_type":["park"],"original_post_status":["publish"],"referredby":["https:\/\/placegar.dev.maidot.pt\/wp-admin\/edit.php?post_type=park&orderby=title&order=asc"],"_wp_original_http_referer":["https:\/\/placegar.dev.maidot.pt\/wp-admin\/edit.php?post_type=park&orderby=title&order=asc"],"post_ID":["1000"],"meta-box-order-nonce":["54181486c2"],"closedpostboxesnonce":["d681c967d2"],"samplepermalinknonce":["576cff3f3d"],"joinchat_nonce":["bef0fba659"],"joinchat_telephone":[""],"joinchat_message":[""],"joinchat_message_send":[""],"joinchat_view":[""],"PontosInteresse":["Est\u00e1dio do Sport Lisboa, Media Market, Est\u00e1dio da Luz"],"wpgmp_metabox_location":[""],"wpgmp_metabox_location_hidden":[""],"wpgmp_metabox_location_city":[""],"wpgmp_metabox_location_state":[""],"wpgmp_metabox_location_country":[""],"wpgmp_metabox_latitude":[""],"wpgmp_metabox_longitude":[""],"wpgmp_metabox_location_redirect":["marker"],"wpgmp_metabox_custom_link":[""],"wpgmp_hidden_flag":["true"],"post_mime_type":[""],"ID":["1000"],"post_author":["2"],"post_status":["publish"],"comment_status":["closed"],"ping_status":["closed"],"_wpgmp_location_address":[""],"_wpgmp_location_city":[""],"_wpgmp_location_state":[""],"_wpgmp_location_country":[""],"_wpgmp_metabox_latitude":[""],"_wpgmp_metabox_longitude":[""],"_wpgmp_metabox_location_redirect":["marker"],"_wpgmp_metabox_custom_link":[""],"_wpgmp_map_id":[""],"_wpgmp_metabox_marker_id":[""],"_wpgmp_metabox_taxomomies_terms":[""],"_wpgmp_extensions_fields":[""],"title_first_letter":["B"],"LocalArea":["Lisboa"],"LocalZona":["Benfica"],"AvencasDesde":["0"],"AvencaDestaqueTxt":["24h P\u00fablico P3"],"AvencaDestaqueValor":["50"]},"park_category":[],"class_list":["post-1000","park","type-park","status-publish","has-post-thumbnail","hentry"],"featured_image_url":"https:\/\/placegar.dev.maidot.pt\/wp-content\/uploads\/2023\/10\/PHOTO-2019-12-04-12-06-59-1-150x150.jpg","_links":{"self":[{"href":"https:\/\/placegar.dev.maidot.pt\/en\/wp-json\/wp\/v2\/park\/1000","targetHints":{"allow":["GET"]}}],"collection":[{"href":"https:\/\/placegar.dev.maidot.pt\/en\/wp-json\/wp\/v2\/park"}],"about":[{"href":"https:\/\/placegar.dev.maidot.pt\/en\/wp-json\/wp\/v2\/types\/park"}],"wp:featuredmedia":[{"embeddable":true,"href":"https:\/\/placegar.dev.maidot.pt\/en\/wp-json\/wp\/v2\/media\/1800"}],"wp:attachment":[{"href":"https:\/\/placegar.dev.maidot.pt\/en\/wp-json\/wp\/v2\/media?parent=1000"}],"wp:term":[{"taxonomy":"park_category","embeddable":true,"href":"https:\/\/placegar.dev.maidot.pt\/en\/wp-json\/wp\/v2\/park_category?post=1000"}],"curies":[{"name":"wp","href":"https:\/\/api.w.org\/{rel}","templated":true}]}}

BENFICA ESTÁDIO

<p>Public covered and outdoor car park, located on the grounds of the Sport Lisboa e Benfica stadium, in Lisbon. *Closed on game days/events at Estádio da Luz</p>

SLB ESTÁDIO

Av. Eusébio da Silva Ferreira, 1500-313, Lisboa

Parque subterrâneo

Estádio do Sport Lisboa, Media Market, Estádio da Luz

24h Público P3
