{"id":1021,"date":"2023-10-27T22:57:57","date_gmt":"2023-10-27T22:57:57","guid":{"rendered":"https:\/\/placegar.dev.maidot.pt\/park\/visconde-santarem\/"},"modified":"2026-04-26T00:00:09","modified_gmt":"2026-04-25T23:00:09","slug":"visconde-santarem","status":"publish","type":"park","link":"https:\/\/placegar.dev.maidot.pt\/en\/park\/visconde-santarem\/","title":{"rendered":"VISCONDE SANTAR\u00c9M 71"},"content":{"rendered":"<p>Parque <strong>privado<\/strong> de estacionamento coberto, situado na Rua Visconde Santar\u00e9m, 71, junto ao Jardim do Arco do Cego e Instituto Superior T\u00e9cnico de Lisboa. Acesso r\u00e1pido. Ideal para aven\u00e7as para quem reside, estuda ou trabalha nesta zona da cidade.<\/p>","protected":false},"featured_media":1206,"template":"","meta":{"ID_Parque":["23"],"id_Empresa":["1"],"Nome":["VISCONDE SANTAR\u00c9M 71"],"NomeCurto":["VISCONDE SANTAR\u00c9M"],"Sigla":["VST"],"Morada":["Rua Visconde de Santar\u00e9m, 71, 1000-286 Lisboa"],"Telefone":["+ 351 215 987 655"],"Fax":[""],"Email":["v.santarem71@placegar.com"],"GPS_NS":["38.735005"],"GPS_EO":["-9.139862"],"TipoParque":["Parque subterr\u00e2neo"],"Pisos":["1"],"Lugares":["145"],"Area":["3946"],"Entradas":["1"],"Saidas":["1"],"AlturaMax":["2.1"],"Deficientes":[""],"CCTV":["1"],"LPR":["1"],"GuideIN":[""],"CarregamentoEletrico":[""],"ViaVerde":[""],"CPAs":["0"],"CPMs":["0"],"MBsCPAs":["0"],"Horario":["24h"],"Centralizado":["3"],"PresencaFuncionario":["0"],"Avencas":["1"],"ValorCartao":["0"],"Lockers":[""],"Lavagens":["1"],"MB":[""],"MaxDiario":["12.5"],"DiarioPrePago":["12.5"],"Hora1":["0"],"GPS":["38.735005,-9.139862"],"LinkMaps":["https:\/\/www.google.com\/maps\/dir\/\/parque+visconde+de+santarem\/@38.7199087,-9.1667905,14z\/data=!4m9!4m8!1m0!1m5!1m1!1s0xd1933a21ccf6e09:0xc334e8f76f019806!2m2!1d-9.1397839!2d38.7348116!3e2"],"Valor15minutos":["0"],"ParqueSemBilhete":[""],"_edit_lock":["1708959133:2"],"_thumbnail_id":["1206"],"_edit_last":["2"],"_wpnonce":["3f541426a9"],"_wp_http_referer":["\/wp-admin\/post.php?post=1021&action=edit"],"user_ID":["2"],"action":["editpost"],"originalaction":["editpost"],"post_type":["park"],"original_post_status":["publish"],"referredby":["https:\/\/placegar.dev.maidot.pt\/wp-admin\/edit.php?post_type=park"],"_wp_original_http_referer":["https:\/\/placegar.dev.maidot.pt\/wp-admin\/edit.php?post_type=park"],"post_ID":["1021"],"meta-box-order-nonce":["0780cdb473"],"closedpostboxesnonce":["f6ae2cf45c"],"samplepermalinknonce":["a7596a7b93"],"joinchat_nonce":["50fc5d50aa"],"joinchat_telephone":[""],"joinchat_message":[""],"joinchat_message_send":[""],"joinchat_view":[""],"PontosInteresse":["Arco do Cego, Instituto T\u00e9cnico de Lisboa"],"wpgmp_metabox_location":[""],"wpgmp_metabox_location_hidden":[""],"wpgmp_metabox_location_city":[""],"wpgmp_metabox_location_state":[""],"wpgmp_metabox_location_country":[""],"wpgmp_metabox_latitude":[""],"wpgmp_metabox_longitude":[""],"wpgmp_metabox_location_redirect":["marker"],"wpgmp_metabox_custom_link":[""],"wpgmp_hidden_flag":["true"],"post_mime_type":[""],"ID":["1021"],"post_author":["2"],"post_status":["publish"],"comment_status":["closed"],"ping_status":["closed"],"_wpgmp_location_address":[""],"_wpgmp_location_city":[""],"_wpgmp_location_state":[""],"_wpgmp_location_country":[""],"_wpgmp_metabox_latitude":[""],"_wpgmp_metabox_longitude":[""],"_wpgmp_metabox_location_redirect":["marker"],"_wpgmp_metabox_custom_link":[""],"_wpgmp_map_id":[""],"_wpgmp_metabox_marker_id":[""],"_wpgmp_metabox_taxomomies_terms":[""],"_wpgmp_extensions_fields":[""],"title_first_letter":["V"],"LocalArea":["Lisboa"],"LocalZona":["Avenidas Novas"],"AvencasDesde":["50"],"AvencaDestaqueTxt":["24h"],"AvencaDestaqueValor":["115"]},"park_category":[],"class_list":["post-1021","park","type-park","status-publish","has-post-thumbnail","hentry"],"featured_image_url":"https:\/\/placegar.dev.maidot.pt\/wp-content\/uploads\/2023\/10\/Placegar_170-150x150.jpg","_links":{"self":[{"href":"https:\/\/placegar.dev.maidot.pt\/en\/wp-json\/wp\/v2\/park\/1021","targetHints":{"allow":["GET"]}}],"collection":[{"href":"https:\/\/placegar.dev.maidot.pt\/en\/wp-json\/wp\/v2\/park"}],"about":[{"href":"https:\/\/placegar.dev.maidot.pt\/en\/wp-json\/wp\/v2\/types\/park"}],"wp:featuredmedia":[{"embeddable":true,"href":"https:\/\/placegar.dev.maidot.pt\/en\/wp-json\/wp\/v2\/media\/1206"}],"wp:attachment":[{"href":"https:\/\/placegar.dev.maidot.pt\/en\/wp-json\/wp\/v2\/media?parent=1021"}],"wp:term":[{"taxonomy":"park_category","embeddable":true,"href":"https:\/\/placegar.dev.maidot.pt\/en\/wp-json\/wp\/v2\/park_category?post=1021"}],"curies":[{"name":"wp","href":"https:\/\/api.w.org\/{rel}","templated":true}]}}

VISCONDE SANTARÉM 71

<p>Parque <strong>privado</strong> de estacionamento coberto, situado na Rua Visconde Santarém, 71, junto ao Jardim do Arco do Cego e Instituto Superior Técnico de Lisboa. Acesso rápido. Ideal para avenças para quem reside, estuda ou trabalha nesta zona da cidade.</p>

VISCONDE SANTARÉM

Rua Visconde de Santarém, 71, 1000-286 Lisboa

Parque subterrâneo

Arco do Cego, Instituto Técnico de Lisboa
