{"id":1025,"date":"2023-10-27T22:57:57","date_gmt":"2023-10-27T22:57:57","guid":{"rendered":"https:\/\/placegar.dev.maidot.pt\/park\/amoreiras-residence\/"},"modified":"2026-04-26T00:00:09","modified_gmt":"2026-04-25T23:00:09","slug":"amoreiras-residence","status":"publish","type":"park","link":"https:\/\/placegar.dev.maidot.pt\/en\/park\/amoreiras-residence\/","title":{"rendered":"AMOREIRAS RESIDENCE (NEW)"},"content":{"rendered":"<p>Public and covered car park, located next to Jardim das Amoreiras and P\u00e1teo Bagatela. Ideal for those who visit, work and live in this area of \u200b\u200bthe city of Lisbon.<\/p>","protected":false},"featured_media":623,"template":"","meta":{"ID_Parque":["46"],"id_Empresa":["1"],"Nome":["AMOREIRAS RESIDENCE"],"NomeCurto":["AMOREIRAS"],"Sigla":["AMR"],"Morada":["Rua Seara Nova 6A. 1250-096 Lisboa"],"Telefone":["+ 351 215 987 655 "],"Fax":[""],"Email":["amoreirasresidence@placegar.com"],"GPS_NS":["38.723231"],"GPS_EO":["-9.157093"],"TipoParque":["Parque subterr\u00e2neo"],"Pisos":["2"],"Lugares":["122"],"Area":["0"],"Entradas":["1"],"Saidas":["1"],"AlturaMax":["2.1"],"Deficientes":["1"],"CCTV":["1"],"LPR":["1"],"GuideIN":[""],"CarregamentoEletrico":["1"],"ViaVerde":["1"],"CPAs":["2"],"CPMs":["1"],"MBsCPAs":["1"],"Horario":["24h"],"Centralizado":["3"],"PresencaFuncionario":["0"],"Avencas":["1"],"ValorCartao":["10"],"Lockers":["1"],"Lavagens":[""],"MB":["1"],"MaxDiario":["12.5"],"DiarioPrePago":["15"],"Hora1":["1.8"],"GPS":["38.723231,-9.157093"],"LinkMaps":["https:\/\/www.google.com\/maps\/place\/Parque+de+estacionamento+Amoreiras+Residence\/@38.7341929,-9.1707648,13z\/data=!4m9!1m2!2m1!1sparque+estacionamento+amoreiras+residence!3m5!1s0xd19332c8d61523b:0x1a2c5569c88ca4ee!8m2!3d38.7234675!4d-9.1567334!15sCilwYXJxdWUgZXN0YWNpb25hbWVudG8gYW1vcmVpcmFzIHJlc2lkZW5jZZIBDnBhcmtpbmdfZ2FyYWdl4AEA"],"Valor15minutos":["0.6"],"ParqueSemBilhete":["1"],"_edit_lock":["1711976958:2"],"_thumbnail_id":["623"],"_edit_last":["2"],"_wpnonce":["81f2d9a124"],"_wp_http_referer":["\/wp-admin\/post.php?post=1025&action=edit"],"user_ID":["2"],"action":["editpost"],"originalaction":["editpost"],"post_type":["park"],"original_post_status":["publish"],"referredby":["https:\/\/placegar.dev.maidot.pt\/wp-admin\/edit.php?post_type=park&orderby=title&order=asc"],"_wp_original_http_referer":["https:\/\/placegar.dev.maidot.pt\/wp-admin\/edit.php?post_type=park&orderby=title&order=asc"],"post_ID":["1025"],"meta-box-order-nonce":["fefae99927"],"closedpostboxesnonce":["8d62e2c279"],"samplepermalinknonce":["6e3ff4c988"],"joinchat_nonce":["5aac7b9e14"],"joinchat_telephone":[""],"joinchat_message":[""],"joinchat_message_send":[""],"joinchat_view":[""],"PontosInteresse":["Jardim das Amoreiras, P\u00e1teo Bagatela, Rua Artilharia 1, Museu M\u00e3e d'\u00c1gua, Museu Vieira da Silva"],"wpgmp_metabox_location":[""],"wpgmp_metabox_location_hidden":[""],"wpgmp_metabox_location_city":[""],"wpgmp_metabox_location_state":[""],"wpgmp_metabox_location_country":[""],"wpgmp_metabox_latitude":[""],"wpgmp_metabox_longitude":[""],"wpgmp_metabox_location_redirect":["marker"],"wpgmp_metabox_custom_link":[""],"wpgmp_hidden_flag":["true"],"post_mime_type":[""],"ID":["1025"],"post_author":["2"],"post_status":["publish"],"comment_status":["closed"],"ping_status":["closed"],"_wpgmp_location_address":[""],"_wpgmp_location_city":[""],"_wpgmp_location_state":[""],"_wpgmp_location_country":[""],"_wpgmp_metabox_latitude":[""],"_wpgmp_metabox_longitude":[""],"_wpgmp_metabox_location_redirect":["marker"],"_wpgmp_metabox_custom_link":[""],"_wpgmp_map_id":[""],"_wpgmp_metabox_marker_id":[""],"_wpgmp_metabox_taxomomies_terms":[""],"_wpgmp_extensions_fields":[""],"title_first_letter":["A"],"LocalArea":["Lisboa"],"LocalZona":["Centro"],"AvencasDesde":["45"],"AvencaDestaqueTxt":["24h"],"AvencaDestaqueValor":["150"]},"park_category":[],"class_list":["post-1025","park","type-park","status-publish","has-post-thumbnail","hentry"],"featured_image_url":"https:\/\/placegar.dev.maidot.pt\/wp-content\/uploads\/2023\/06\/Foto-entrada-768x576-1-150x150.jpg","_links":{"self":[{"href":"https:\/\/placegar.dev.maidot.pt\/en\/wp-json\/wp\/v2\/park\/1025","targetHints":{"allow":["GET"]}}],"collection":[{"href":"https:\/\/placegar.dev.maidot.pt\/en\/wp-json\/wp\/v2\/park"}],"about":[{"href":"https:\/\/placegar.dev.maidot.pt\/en\/wp-json\/wp\/v2\/types\/park"}],"wp:featuredmedia":[{"embeddable":true,"href":"https:\/\/placegar.dev.maidot.pt\/en\/wp-json\/wp\/v2\/media\/623"}],"wp:attachment":[{"href":"https:\/\/placegar.dev.maidot.pt\/en\/wp-json\/wp\/v2\/media?parent=1025"}],"wp:term":[{"taxonomy":"park_category","embeddable":true,"href":"https:\/\/placegar.dev.maidot.pt\/en\/wp-json\/wp\/v2\/park_category?post=1025"}],"curies":[{"name":"wp","href":"https:\/\/api.w.org\/{rel}","templated":true}]}}

<p>Public and covered car park, located next to Jardim das Amoreiras and Páteo Bagatela. Ideal for those who visit, work and live in this area of ​​the city of Lisbon.</p>

Parque subterrâneo

Jardim das Amoreiras, Páteo Bagatela, Rua Artilharia 1, Museu Mãe d'Água, Museu Vieira da Silva
